t of (-1542)/8*168/(-126)?
7
Let l be 12/(0 - (-9)/6). Let z = 11 + l. What is the tens digit of z?
1
Suppose -4*t = 5*m - 168, -3*m + 3*t + 2*t = -123. What is the units digit of m?
6
Let j be ((-29)/2)/((-2)/16). Suppose 83 + 33 = 2*z + 4*x, -2*z + j = x. What is the tens digit of z?
5
Let h(o) = 9*o + 17. What is the tens digit of h(4)?
5
Suppose -3*s + 2 = h + 8, -h + 8 = -4*s. Let q(i) = -8*i + 1. What is the units digit of q(s)?
7
Let l(p) = -p**3 - 10*p**2 - 10*p. Let b be l(-9). Suppose 2*o - 5*s = -2 + b, 0 = o + s - 21. What is the tens digit of o?
1
Let r(t) = -3*t**2 - t - 1. Let q(g) = g**2 - 1. Let y be q(0). Let o be r(y). Let x = 5 + o. What is the units digit of x?
2
Let i(t) = 3*t + 37. What is the units digit of i(15)?
2
Suppose -5*o + 115 = -310. What is the tens digit of o?
8
Let b(y) = 6 + 7*y - 1 + y**2 - 1. Let g be b(-4). Let z(a) = -a**3 - 8*a**2 - 2*a - 12. What is the units digit of z(g)?
4
Let s = -7 - -13. Suppose -30 = -s*d + 4*d. What is the units digit of d?
5
Let x(a) = -5*a - 5. Let l be x(-2). Suppose 0 = -b + l*u - 3*u + 26, 5*b - 2*u = 122. What is the units digit of b?
4
Let y = -7 + 8. Let a(o) = 37*o**3. Let b be a(y). Let r = b + -24. What is the units digit of r?
3
Let s(u) = 2*u + 1. Let w be s(1). Suppose -k - 1 = -4*k + 5*p, 2*k - 7 = -w*p. Suppose -y - 4 = -k*q, 0 = 5*q + 2*y + 4 - 5. What is the units digit of q?
1
Suppose -2*c + 0*c - 2*g + 8 = 0, 5*c - 3*g - 52 = 0. What is the units digit of c?
8
Let j(p) = -p**3 + p - 10. Let i be j(0). Let n = 15 + i. Suppose 0 = n*g - g - 32. What is the units digit of g?
8
Suppose -41 = -a - r, 3*a + 3*r + 87 = 5*a. Let f = 60 - a. What is the tens digit of f?
1
Suppose 4 + 1 = f. Let l = f - 3. Suppose 0 = l*y + 3*y - 25. What is the units digit of y?
5
Let b(y) = 4*y + 1. Let n be b(1). Suppose o + 0 = n, -3*x = -4*o + 20. Suppose -5*p + 2 + 3 = x. What is the units digit of p?
1
Let h = -1 - -7. Let b(x) = -x**3 + 6*x**2 + 2*x. Let w be b(h). Suppose 0 = -4*i + 2*q - q + 39, -2*i - 2*q + w = 0. What is the units digit of i?
9
Let d(o) = -o + 3. Let i be d(-10). Suppose a - i = -2. What is the tens digit of a?
1
Let g(y) = -7*y - 1. Let h be g(-2). Let w = h - 8. What is the units digit of w?
5
Suppose -2*d + 2*l - 12 = -3*l, 4*d + 3*l = 28. Let m = 17 - d. What is the units digit of m?
3
Let z be (-3)/2*2*5. Let f = z + 45. What is the tens digit of f?
3
Let a(g) = g**2 + 9*g + 42. What is the units digit of a(-11)?
4
Let t(i) = i**2 + 6*i + 1. Let v be t(-5). Let g be (v - 1) + 2 + -4. Let k = g - -15. What is the units digit of k?
8
Let j = -21 - -214. What is the tens digit of j?
9
What is the units digit of 0 + -2 + 9 - 2?
5
Let k(v) = v**3 - v + 14. What is the units digit of k(6)?
4
What is the units digit of 12/(-54) + 796/18?
4
Let x(c) be the first derivative of 3*c**2/2 + 14*c + 10. What is the tens digit of x(12)?
5
Let s be ((-20)/(-3))/((-1)/3). Let r = s - -49. What is the units digit of r?
9
Suppose 291 = 4*g + 3*z - 2*z, 2*g - 4*z - 168 = 0. What is the tens digit of g?
7
Suppose u = -u - 2. Let t(h) = 21*h**2 + h + 6. Let m(i) = 62*i**2 + 3*i + 17. Let b(v) = 6*m(v) - 17*t(v). What is the tens digit of b(u)?
1
Let t(m) = m + 16. Let k be t(-7). Let o(f) = f**3 - 10*f**2 + 12*f - 11. What is the units digit of o(k)?
6
Suppose -5*l - 2 + 42 = 0. Suppose -3*g = -l*g + 85. What is the tens digit of g?
1
Let l be (-2)/6 - (-84)/(-18). Let b(q) = -q**2 - 9*q - 6. What is the tens digit of b(l)?
1
Let w(m) = 5 - 12 - 1 - 2*m - 8. What is the units digit of w(-13)?
0
Suppose -10*o = -6*o - 48. What is the units digit of (3 + (-39)/o)*-124?
1
Suppose -5*t - 5 = -3*c, -5*c + 2*t = -4 + 2. Suppose v + 3*v - 160 = c. Suppose -m + v = 4*m. What is the units digit of m?
8
Suppose -3*v + 9 + 66 = 0. What is the tens digit of v?
2
What is the units digit of 42 + 4*1/(-2)?
0
Suppose -z = 33 - 12. What is the tens digit of (-60)/z*(-14)/(-4)?
1
Suppose -3 = -y, -5*m + 41 = 3*y - 18. Let c = m + -7. What is the units digit of c?
3
Suppose 2*y = 5*b - 49 + 334, 255 = 2*y + 5*b. What is the hundreds digit of y?
1
What is the units digit of (-8 + 10)/((-2)/(-26))?
6
Suppose 35 + 5 = -2*i. Let s = i - -13. What is the tens digit of 13*1 - 21/s?
1
Let k = -4 + 5. What is the tens digit of 1/(-1) + 11 + k?
1
Suppose x + 0*c + 4*c - 258 = 0, 5*x = 4*c + 1290. What is the units digit of x?
8
Let x be 2 + -3 + 0 + 0. Let h be 2*x*(-14)/(-4). What is the units digit of (-1 + 0)*(-8 - h)?
1
Suppose -2*j = 4*j - 318. What is the units digit of j?
3
Suppose 4*y + 2*w + 5 - 29 = 0, 4*w = -5*y + 30. Let x be (-38)/(-12) + (-1)/y. Suppose -5*i + 48 = 5*f - 3*i, x*f - 8 = 4*i. What is the units digit of f?
8
Let w(n) = -103*n**3 - 2*n**2 - n + 1. What is the tens digit of w(-1)?
0
Let q(c) = 6*c**2 - 2*c + 1. Let n be q(1). What is the units digit of 1*(-5)/(n/(-9))?
9
Suppose -3*g + 206 = 5*w, 2*w - g - 2*g = 74. What is the tens digit of w?
4
Let v be (-2)/5 - (-42)/30. Let j = v + 14. What is the tens digit of j?
1
Let a(i) = 102*i + 16. What is the units digit of a(2)?
0
What is the tens digit of 6/21 - 272/(-28)?
1
What is the hundreds digit of 167 + (-6)/(-2) + (-17 - -10)?
1
Suppose 3*m = -4*x, 15 = m + 2*m - x. Suppose m*k = 5*o, 0*o = 5*k - 4*o. Suppose 3*a - 3 + 0 = k. What is the units digit of a?
1
Let g(n) = n**2 - 11*n - 5. What is the hundreds digit of g(-9)?
1
Let q be 3/9 + (-28)/(-6). Suppose g = -q*z + z + 18, -4*z = 5*g - 26. What is the units digit of g?
2
Let r(p) = -p**3 - 7*p**2 + 8*p + 2. Let d be r(-8). Let v(n) = n**3 - 3*n**2 + 2*n + 1. What is the units digit of v(d)?
1
Let p = 35 + -77. Let g = 0 - p. What is the units digit of g?
2
Let r be 6/2 - (1 - -2). Suppose 53 = 3*c + 5*l, c + 5*l - 31 = -r*c. What is the units digit of c?
1
Let p = 519 - 323. What is the units digit of p?
6
Suppose 2*o = 1 + 5, 0 = -3*u + 4*o - 3. Suppose u*l = l + 16. Suppose -y = -2*b - 13, 0 + l = -y - 5*b. What is the units digit of y?
7
Suppose 8*h + 1026 = 3314. What is the units digit of h?
6
Let s(z) be the first derivative of -z**4 - z**3/3 + z - 2. Let h be s(-1). Suppose -3*n + 3 + 3 = 5*v, 2*v + 34 = h*n. What is the units digit of n?
7
Let k = 70 - 44. Let y = -6 + 12. Suppose k = 4*x - y. What is the units digit of x?
8
Let i(l) = -12*l - 2. Let z be i(-6). Suppose 3*f = -2*f + z. What is the units digit of f?
4
Let j(y) = -4*y**2 + 12*y - 15. Let z(l) = -l**2. Let t(s) = -j(s) + 5*z(s). What is the tens digit of t(-12)?
1
Let a(w) = w**2 - 5*w - 4. Let q be a(3). What is the tens digit of 6/(-15) + (-204)/q?
2
Suppose f = 9 - 4. Suppose -5*o + 60 = -2*k, f*k + 4*o - 9 = -93. Let v = -14 - k. What is the units digit of v?
6
Let s = -4 + 6. Let i = 4 - s. What is the units digit of i?
2
Let k = 35 + -7. What is the tens digit of k?
2
Let f be (-2)/(1 - (-3)/(-2)). What is the units digit of -26*2*f/(-8)?
6
Suppose -3*a = -4*n - 25, 4*a - 12 = 2*n + 28. Let k = 30 - a. What is the units digit of k?
9
Let h(q) = q + 8 + 0*q + 6*q + 2*q**2 - q**2. Let x be 2/(-4)*(-14)/(-1). What is the units digit of h(x)?
8
Let r(v) = -v - 2. Let a be r(-6). Let l be (a/2)/((-2)/(-4)). Suppose -4*o + x = -21, -5*o + l*x - 2*x + 27 = 0. What is the units digit of o?
5
What is the tens digit of (-3)/(11/14 + -1)?
1
Let x = 75 + 11. What is the units digit of x?
6
Let a(x) be the third derivative of -x**5/60 + 5*x**4/12 - 5*x**3/3 + 4*x**2. What is the tens digit of a(7)?
1
Suppose 176 = 2*b - 2*n, 5*b - 4*n + 6*n - 475 = 0. Let u = b - 66. What is the units digit of u?
7
Let g = -63 + 180. Suppose 4*y - g = y. Let k = -26 + y. What is the units digit of k?
3
Suppose 27 = u + 2*u. Suppose 5*g - u - 6 = 0. What is the units digit of g?
3
Let r(m) = 84*m**2 + 3*m + 2. Let z be r(-1). Suppose -3*i + 4*y = -77, 0*y + z = 3*i + 2*y. What is the tens digit of i?
2
Suppose -j - 3 = 0, 5*p + 2*j - 616 = -j. What is the hundreds digit of p?
1
Let x(h) = 4*h + h**3 + 5 - 3*h + 0*h + 4*h**2. Let l be x(-4). Let a(v) = 2*v**2. What is the units digit of a(l)?
2
Let u be 6*(2 - (-3)/(-2)). Suppose m = u*m - 14. What is the units digit of m?
7
Let c be (-8)/20 - 164/(-10). Suppose -c - 3 = -s. What is the tens digit of s?
1
Let k(v) = v**3 - 6*v**2 + v + 4. Let q be 4/14 + (-80)/(-14